2229341 (base 10) to base 16.
-22045d
Convert 2122533 (base 6) to base 11.
71410
Convert 574ad (base 15) to base 13.
995b3
Convert -93a452 (base 11) to base 16.
-16ffa1
What is -6338a07 (base 12) in base 5?
-14244134004
Convert -659475 (base 10) to base 5.
-132100400
97329 (base 15) to base 13
13a604
Convert -221256332 (base 7) to base 8.
-62712750
356159 (base 12) to base 4
3102021111
Convert 102201221121010 (base 3) to base 4.
113303010120
-672ca (base 16) to base 13
-11a47b
What is 110211220002 (base 3) in base 9?
424802
-93533a (base 14) to base 7
-60146603
What is 2210002002 (base 3) in base 16?
d5cb
Convert 10011111100000010 (base 2) to base 16.
13f02
223545522 (base 6) to base 9
7645165
22069 (base 10) to base 2
101011000110101
Convert -2b0ba (base 13) to base 4.
-103320202
Convert -3703 (base 11) to base 16.
-12eb
What is 2203231221 (base 4) in base 8?
2435551
What is 3032140120 (base 5) in base 16?
5d8be4
What is 44401335 (base 6) in base 2?
101000110100111011011
Convert -3111642 (base 9) to base 4.
-12111210002
-222300541 (base 6) to base 16
-3d956d
-308d (base 16) to base 5
-344204
Convert -443212041 (base 5) to base 2.
-111010110111100111101
What is 11505325 (base 6) in base 14?
978b3
-1082497 (base 11) to base 12
-772a59
What is 14301552 (base 6) in base 12?
1b78b8
What is -200120011011 (base 3) in base 5?
-43142331
Convert -8470e (base 16) to base 6.
-15343250
-671160 (base 8) to base 13
-7ba93
What is -320013202 (base 4) in base 13?
-80815
Convert -11100010101111010100 (base 2) to base 12.
-389558
What is 1000101111011001100 (base 2) in base 5?
33131122
What is -77904 (base 12) in base 15?
-31e9d
What is 1332311124 (base 5) in base 15?
472994
Convert -a7baa6 (base 13) to base 3.
-21102010002100
Convert 43154102 (base 7) to base 3.
20220211101022
1f178 (base 16) to base 12
61848
340023124 (base 5) to base 8
5526327
What is -25a171 (base 16) in base 12?
-9ab215
What is 2212000121200 (base 3) in base 10?
1516041
Convert 4739ab (base 12) to base 11.
713910
Convert -52412 (base 7) to base 3.
-122200122
13212362 (base 9) to base 14
c14228
-12398 (base 12) to base 14
-9032
What is 539395 (base 13) in base 8?
7371066
What is -3220222000 (base 4) in base 9?
-1712184
Convert 1011013 (base 6) to base 7.
260313
What is -d09b1 (base 14) in base 11?
-312722
-169707 (base 11) to base 8
-777142
-300152 (base 6) to base 4
-11231210
Convert -16240623 (base 7) to base 5.
-400313331
What is -323912 (base 12) in base 16?
-c1f5e
What is -9577 (base 16) in base 10?
-38263
Convert -2111110000 (base 5) to base 2.
-10000110000110110000111
-3013044 (base 5) to base 13
-18a57
Convert 985a4 (base 12) to base 16.
3124c
What is -100212022202121 (base 3) in base 10?
-5242066
Convert -442202 (base 5) to base 2.
-11101111000110
Convert -3131601 (base 7) to base 10.
-377595
What is 2273364 (base 8) in base 4?
2113123310
What is -125123553 (base 6) in base 9?
-4605356
Convert 2141000 (base 7) to base 12.
107798
Convert 33769 (base 10) to base 4.
20033221
-121202303130 (base 4) to base 12
-22ab110
Convert -106928 (base 13) to base 7.
-3165311
Convert 45037075 (base 8) to base 14.
140c793
-290aa8 (base 12) to base 16
-a7720
What is -1b9d2 (base 14) in base 5?
-4224143
-10100000011 (base 2) to base 11
-a67
What is -916313 (base 13) in base 11?
-1a01416
Convert 9a99b (base 16) to base 3.
1012011122110
6824142 (base 10) to base 4
122002003032
What is -9058 (base 13) in base 6?
-231514
What is 3462a3 (base 16) in base 6?
201330031
What is -148650 (base 9) in base 7?
-531135
-115320263 (base 7) to base 9
-14542335
-1003022 (base 6) to base 12
-23472
-2632325 (base 8) to base 5
-142000141
Convert 11001001011111000111 (base 2) to base 10.
825287
-1241033101 (base 5) to base 13
-833ca0
-110000011000011100100101 (base 2) to base 6
-1131501445
Convert -23211020 (base 6) to base 8.
-2570164
-100222231 (base 4) to base 3
-10110122111
Convert 837816 (base 11) to base 4.
11013302221
Convert 22894 (base 12) to base 7.
251446
What is -4012405 (base 6) in base 10?
-188501
Convert 12012212021010 (base 3) to base 2.
1010100100111001100011
1309891 (base 10) to base 11
815160
What is 5335026 (base 7) in base 11?
402611
-1052b9 (base 12) to base 10
-257901
What is 311135 (base 7) in base 4?
30333320
4058a (base 11) to base 8
163603
-207b1a (base 12) to base 2
-1111100110110000110
What is -20223225 (base 6) in base 5?
-122010003
Convert 1103202221 (base 4) to base 5.
41422220
Convert -1001101100011111 (base 2) to base 3.
-2000110210
What is 964a (base 14) in base 8?
62522
Convert -1347ca (base 15) to base 5.
-214122030
What is 346400 (base 7) in base 10?
62279
-4ab3c (base 13) to base 4
-201232030
-39363 (base 13) to base 12
-51450
-11011111011000000111 (base 2) to base 9
-1644062
What is -39c492 (base 13) in base 11?
-875449
What is -5350b (base 12) in base 16?
-1ac1b
Convert -337b57 (base 13) to base 16.
-129168
536494 (base 11) to base 12
354473
Convert -123204454 (base 6) to base 13.
-65b7a7
10325012 (base 6) to base 15
60e2e
What is 1442357 (base 8) in base 2?
1100100010011101111
11110000110000111 (base 2) to base 3
20021002121
Convert -435165 (base 8) to base 5.
-14133122
What is 800264 (base 10) in base 3?
1111122202102
What is -221258 (base 13) in base 10?
-802316
What is -313f94 (base 16) in base 4?
-30103332110
-40421041 (base 5) to base 16
-4fafc
Convert -d8e5 (base 15) to base 13.
-17b70
What is -2c377 (base 13) in base 6?
-1445151
What is -48721 (base 16) in base 12?
-123881
Convert 43110035 (base 7) to base 3.
20220021021212
Convert 212773 (base 8) to base 3.
10121121200
Convert 112222210022 (base 3) to base 16.
480b3
What is 144176 (base 12) in base 13?
bb35c
-31221330103 (base 4) to base 2
-1101101001111100010011
What is 1936886 (base 11) in base 10?
3273991
Convert -12100213 (base 5) to base 10.
-112558
What is 4b586b (base 13) in base 16?
1ba539
Convert 4b985 (base 14) to base 12.
8b595
What is -11221203131 (base 4) in base 8?
-5514335
What is -223320112 (base 4) in base 9?
-303484
Convert -202110001101 (base 3) to base 10.
-402445
What is -2201111100100 (base 3) in base 13?
-3b8590
11de814 (base 15) to base 7
214166350
Convert 14002333 (base 5) to base 2.
100010011010101000
Convert 3076303 (base 12) to base 2.
100010110001000100110011
-22101120021 (base 3) to base 4
-220110232
Convert 1788c9 (base 16) to base 15.
206ed0
539bb (base 13) to base 6
3123223
What is 7c365 (base 14) in base 7?
2366655
What is 121121322 (base 4) in base 6?
2121430
-1141853 (base 9) to base 11
-392483
What is 1782561 (base 9) in base 5?
223433230
9806a (base 13) to base 15
565e3
What is 381596 (base 11) in base 8?
2230322
What is -2678415 (base 9) in base 15?
-1e0518
62150004 (base 7) to base 3
100210110102120
What is -2122120122202 (base 3) in base 16?
-157f8b
-23a578 (base 13) to base 7
-10143404
Convert 216161 (base 9) to base 15.
28414
-3400263 (base 7) to base 6
-13001530
What is -12210222 (base 4) in base 9?
-40833
-ac747a (base 13) to base 9
-7585432
111122000121 (base 3) to base 15
5475d
Convert 16033057 (base 9) to base 15.
a7d6c7
-164307 (base 8) to base 5
-3401331
What is -20022120200 (base 3) in base 16?
-1e5c1
Convert 2150350 (base 11) to base 8.
16322404
1110390 (base 11) to base 3
10122221202121
Convert 30bba4 (base 12) to base 4.
2323103230
-1343433 (base 5) to base 7
-144420
What is -251151 (base 11) in base 16?
-60e0f
What is -4654237 (base 11) in base 7?
-126054410
Convert 388dc (base 15) to base 13.
64440
1100111101000011 (base 2) to base 10
53059
Convert 248eb (base 15) to base 11.
7a806
153a09 (base 13) to base 6
15110244
340803 (base 9) to base 13
71b47
What is -301230201 (base 4) in base 2?
-110001101100100001
Convert 6590745 (base 10) to base 14.
c37c37
Convert -d459dd (base 14) to base 7.
-114603466
-1e0c45 (base 16) to base 13
-53c427
Convert -51015206 (base 7) to base 5.
-2041131314
What is -4272411 (base 8) in base 6?
-40304345
What is -123468 (base 12) in base 9?
-501208
What is -11101201010 (base 3) in base 15?
-1a993
Convert -48178 (base 15) to base 5.
-24323323
Convert -1100100020100 (base 3) to base 16.
-aea38
Convert 22463840 (base 9) to base 15.
e56ba3
Convert 2534323 (base 9) to base 5.
323142430
Convert -110303200 (base 5) to base 4.
-1310311112
Conver